-17)/17*(-2 - (0 + -3)). Let j(o) = -78*o**3 + 2*o**2 - 2*o - 3. List the prime factors of j(z).
79
Let w = 30 + -29. Let r be (-2 - -5)*(3 - w). Suppose -476 = -13*c + r*c. List the prime factors of c.
2, 17
Suppose 5*n = 3 + 2. Let h(i) = 192*i**2 - 5*i + 3. What are the prime factors of h(n)?
2, 5, 19
Let y = 21 + -17. Suppose y*h - 127 = 21. List the prime factors of h.
37
Let h = -1 - -7. Let w be (15/10)/(h/8). Suppose -w*r - 8 = -3*k, 0 = -k - 3*k + 4*r + 8. List the prime factors of k.
2
Let g = 811 - 269. List the prime factors of g.
2, 271
Let d be (2/4)/(1/390). Suppose -3*s = 2*s - d. List the prime factors of s.
3, 13
What are the prime factors of (-2)/(-16) + (-17520)/(-128)?
137
Let m = 41 + -220. Let z = m + 253. What are the prime factors of z?
2, 37
Let j(t) = -t + 1. Let m be j(-3). Suppose -m*d + 6 + 10 = 0. Suppose d*z = a - 0*z - 10, 0 = a + z - 20. What are the prime factors of a?
2, 3
Suppose 16114 = 757*t - 750*t. List the prime factors of t.
2, 1151
Let j(i) = -64*i - 4. What are the prime factors of j(-1)?
2, 3, 5
List the prime factors of (-81 - -78)*468/(-2).
2, 3, 13
Let k(g) = 47*g**2 + 5*g + 27. What are the prime factors of k(-4)?
3, 11, 23
Let z = -27 - -18. List the prime factors of (873/27)/((-3)/z).
97
Suppose j - 204 = 12. What are the prime factors of j?
2, 3
Let y = -29 + 29. Suppose -2*b + 2*v - 24 = 24, y = -3*b + v - 72. Let z = 41 + b. What are the prime factors of z?
17
Let g = 6 + 40. Suppose -6 = v - g. List the prime factors of v.
2, 5
Suppose -w = 3*i - 0*w - 25, 6 = 2*i - 2*w. Let q = -23 - -43. Let u = q + i. List the prime factors of u.
3
Let y(n) = n**3 - 5*n**2 + 4*n + 2. Let i be y(4). What are the prime factors of ((-7)/10*-4)/(i/40)?
2, 7
Let m = -179 - -230. List the prime factors of m.
3, 17
Let u(k) = -k - 2. Let m be u(0). Let h = -4 - m. List the prime factors of h/3*(-15 - 6).
2, 7
Let a(k) = -3*k**3 - 8*k**2 - 6*k - 5. Let h be a(-5). Let t(r) = r**3 - 6*r**2 + r + 5. Let y be t(6). Suppose -6*i - h = -y*i. List the prime factors of i.
2, 5
Let m(w) = w**3 + 15*w**2 + 22*w + 19. Let i be m(-13). Let z = 130 - i. What are the prime factors of z?
59
Let k(q) = q**2 - 10*q - 20. Let b be k(12). Suppose c - 77 = -b*u - u, 5*c - 5*u = 505. What are the prime factors of c?
97
Let f(i) = 4*i + 2. Let d be f(4). Let c = -40 - d. List the prime factors of 1 - (1 + 2) - c.
2, 7
List the prime factors of (45/6)/((-39)/(-1300)).
2, 5
Suppose -5*q - 32 - 13 = -5*k, 2*k + q - 33 = 0. Suppose 7*p + k = 8*p. List the prime factors of p.
2, 7
Suppose -q = q - 66. Let p be (-3)/(-9) - q/(-9). Suppose 15 = i - p*r, -5*r + 13 = 3*i - r. List the prime factors of i.
7
Let v(r) = r**3 + 5*r**2 - 7*r + 47. What are the prime factors of v(10)?
7, 211
Let w be 4*(-1 - 6/(-4)). Suppose w*f = 5*i + 290, -4*i + 2*i - 767 = -5*f. What are the prime factors of f?
5, 31
Suppose 8 = 22*f - 20*f. Suppose -5*z - 1025 = -f*s - 268, 2*s + z - 375 = 0. List the prime factors of s.
2, 47
Let c(j) be the first derivative of -j**3/3 + 25*j**2/2 + 4*j + 25. What are the prime factors of c(18)?
2, 5, 13
Let f be (-15)/(-3) + 0/(-6). Let v = f - -1. Let g = 24 + v. What are the prime factors of g?
2, 3, 5
Suppose 4*n + 28 - 216 = 0. Suppose -4*z + 236 = 4*i, 3*i = 2*i + 2*z + n. What are the prime factors of i?
5, 11
Suppose 10*o = -2*o - 0*o. Suppose -i - 217 = -u, -3*i + 627 = 3*u - o*u. What are the prime factors of u?
3, 71
Let i(a) = 28*a - 119. What are the prime factors of i(42)?
7, 151
Let o(l) = 11*l**2 + 5*l - 6. Let b = 18 - 23. Let v be o(b). Suppose 0*x = -4*t - x + v, 0 = 4*x. What are the prime factors of t?
61
Let v(c) = -12*c + 3. Let b be v(2). Let h = -14 - b. List the prime factors of 106*(14/4)/h.
53
Let k(i) = -2*i**3 - 2*i**2 + 4*i - 6. Let y = 1 - 5. What are the prime factors of k(y)?
2, 37
Let x be 0 - 8*(-4 - -2). Suppose -4*a - x = 0, -4*p = p + a - 11. Suppose -p*m + 4 = -2. What are the prime factors of m?
2
Let w = 2871 - 1279. What are the prime factors of w?
2, 199
Suppose 0 = v - 2*v + 48. Let x = 24 + v. What are the prime factors of x?
2, 3
Let c(t) = t**3 - 17*t**2 + 5*t - 29. Let u be (6/(-18))/((-2)/102). List the prime factors of c(u).
2, 7
Suppose -8793 - 7515 = -4*z. What are the prime factors of z?
3, 151
Let i(h) = h**3 - 6*h**2 - 9*h + 2. Let u be i(7). Let x = u + 7. Let o = 3 - x. List the prime factors of o.
2
Let m be 8/(-28) - 24/14. Let i(w) = 10*w**2 - 20*w - 4. Let x(n) = -2*n**2 + 4*n + 1. Let s(h) = m*i(h) - 11*x(h). List the prime factors of s(4).
13
Let m(c) = 4*c - 4. Let h be m(-3). Let i be (-3)/(-2) - 24/h. List the prime factors of (-4 - -4)/(-3) + i.
3
Suppose -y - 812 = -5*y. Let m = y + -139. List the prime factors of m.
2
Suppose -13 + 3 = 5*h. Let k be 5/h*66/(-55). Suppose k*c = 7*c - 72. List the prime factors of c.
2, 3
Let v = 266 + 518. What are the prime factors of v?
2, 7
Suppose 10*c + 1783 = 6393. List the prime factors of c.
461
What are the prime factors of -4*((-2)/5)/((-8)/(-2510))?
2, 251
Let r(a) = -a**2 - 10*a + 17. Let z be r(-11). Suppose 0 = -2*b + 5*u + 183, 2*u = 3*b - z*b + 227. List the prime factors of b.
79
Let p(h) = -35*h + 1. Suppose -l = -10 + 9. Let t be p(l). Let j = t - -70. What are the prime factors of j?
2, 3
Suppose -7*l + 6*l = 4*x - 68, 0 = -5*l + 4*x + 220. List the prime factors of l.
2, 3
Suppose 3*f - l = 722, -2*f = -4*l + l - 472. List the prime factors of f.
2, 11
Let o = 215 + -118. Let b = -48 + o. List the prime factors of b.
7
Let f(n) = -337*n + 8. List the prime factors of f(-1).
3, 5, 23
Suppose 2*l = 3*l + 46. Let r = l - -66. Let d = -12 + r. List the prime factors of d.
2
Suppose -5*l - 2 = -27. Suppose -404 - 356 = -5*w. List the prime factors of w/l + (-18)/45.
2, 3, 5
Let i(r) = -609*r + 31. List the prime factors of i(-5).
2, 769
Suppose -x + 5*d + 956 = 0, 4*x + 4*d + 1894 = 6*x. What are the prime factors of x?
941
Suppose b - 3*l + 7 = -5*l, 0 = -b - l - 5. What are the prime factors of (2 - 18/(-8))/(b/(-24))?
2, 17
Let m = -1276 - -2585. List the prime factors of m.
7, 11, 17
Let u be 8 - (3 - 2/2). Let r = u - 1. Suppose -25 = -4*j - r. List the prime factors of j.
5
Let r be 341 - (-3 + 1 - -3). Let t be (-138 - -4)*(-1 + 0). Suppose 0*k + 2*k = -u + t, -5*k + r = 5*u. List the prime factors of k.
2, 3, 11
Suppose -5*c + 9148 + 3785 = 2*d, 4*c - 2*d - 10332 = 0. What are the prime factors of c?
5, 11, 47
Suppose -3*z - l = -10095, -z + 4154 = 4*l + 800. What are the prime factors of -4 + (-12)/(-21) + z/14?
3, 79
Suppose -l - i = -2*l - 2, 2*l - 5*i + 16 = 0. Suppose w = n + 29, 0*w - 2*n = l*w - 66. What are the prime factors of w?
31
Let p(n) = -4*n - 9*n**2 - 7*n**3 - 6*n + 8*n**3. Let k be p(10). Suppose 5*v - 2*v - 222 = k. List the prime factors of v.
2, 37
Let b be 2021/235 + 4/10. Let h(y) be the third derivative of y**5/60 - 3*y**4/8 + 5*y**3/2 + y**2. List the prime factors of h(b).
3, 5
Suppose 80 = l + 3*l. Suppose 8*h - 3*h = l. Suppose 3 + 19 = 2*q + h*p, -5*q - p = -28. List the prime factors of q.
5
What are the prime factors of ((-658)/(-5))/(3/((-75)/(-10)))?
7, 47
Let j(h) = -318*h - 2. Let y be j(-1). Suppose 5*x + 4*c - y = 0, 0 = 4*x - 2*x - 4*c - 104. What are the prime factors of x?
2, 3, 5
Let h(s) = -s**3 + 10*s**2 - 1. Let q = -25 - -31. List the prime factors of h(q).
11, 13
Let f be (-5)/(-5)*(4 + -2). Let a be (-6)/((-9)/3) + f. Suppose -45 = -a*v - v. List the prime factors of v.
3
Let a(o) = 42*o**2 - 66*o + 5. List the prime factors of a(-7).
5, 101
Let o(f) = 15 - 27*f - 5 - f**2 + 8. List the prime factors of o(-14).
2, 5
Suppose -27*q + 62088 = -3*q. List the prime factors of q.
13, 199
Let n(h) = -15*h + 18. Let k(q) = -14*q + 19. Let j(v) = -5*k(v) + 4*n(v). List the prime factors of j(11).
3, 29
Let b(o) = -o + 2. Let x be b(-2). Suppose -15 = c - x*c. List the prime factors of 36/c + (-9)/45.
7
Let p be (-4)/(-6)*(-6)/(-2). Suppose -p*v - 2 = 10. Let o = -1 - v. What are the prime factors of o?
5
Let b = -18 + 20. Suppose -4*x + 5*m + 828 = 0, x = b*x - 2*m - 207. List the prime factors of x.
3, 23
Suppose 8*h + 46*h = 203310. List the prime factors of h.
3, 5, 251
Let b(w) = 45*w + 18. What are the prime factors of b(6)?
2, 3
Let o = 723 - 80. Lis